+ -3))*-16. Let n = 86 + k. Calculate the highest common factor of n and 6.
6
Let n be -3 - 11/(22/(-36)). What is the greatest common factor of n and 10?
5
Let c(f) = 17*f**2 + 2*f - 4. Let j be c(-3). Suppose 3*b - 40 = -1. Calculate the greatest common factor of j and b.
13
Let g be (-6)/(-9)*11*-3. Let l be 3/6 + g/(-4). Let y be (36/2)/3*l. Calculate the greatest common factor of y and 9.
9
Let h = -17 + 63. Calculate the highest common divisor of h and 2.
2
Suppose -2*r - 17 = -113. Calculate the highest common divisor of 8 and r.
8
Let x(f) = f**3 + 13*f**2 + 12*f - 7. Let w be x(-12). Let n = w - -42. Calculate the highest common divisor of 7 and n.
7
Let i be -19 - -22 - (-1 + -11). What is the greatest common divisor of i and 60?
15
Suppose 5*j + 35 = 4*j. Let p = -24 - j. Let m be 2/(-10) + 993/15. Calculate the greatest common divisor of p and m.
11
Let v(o) = -o**2 - 7*o - 3. Let z be v(-3). Let d(l) = l**2 - 5*l - 3. Let x be d(5). Let n = z - x. Calculate the highest common divisor of 96 and n.
12
Let j be 16/(-2)*18/8. Let d be (-4)/j + (-208)/(-36). Calculate the greatest common factor of 30 and d.
6
Suppose -5*n + 8*n - 132 = 0. What is the highest common factor of 4 and n?
4
Let d(p) = -10*p + 2. Let o be d(-4). Let s be (3/5)/((-2)/(-20)). Calculate the highest common divisor of o and s.
6
Suppose -d = -0*d - 11. Let h(k) = -18*k + 2. Let g be h(-2). Let w = -5 + g. What is the greatest common factor of d and w?
11
Let s be (-3)/(9/(-2) + 3). Suppose 0*a + 18 = a + 4*b, s*a + b = 8. What is the greatest common divisor of 2 and a?
2
Suppose p + x - 6 = 4, -3*p = -x - 22. What is the highest common factor of p and 8?
8
Let s be (3 + -4)*(-4 + 0). Let b(x) = 20*x**2 + x + 1. Let y(f) = -f**2 + 6*f - 1. Let i be y(6). Let o be b(i). What is the greatest common factor of s and o?
4
Let j(r) = r**3 + 6*r**2 + 3*r + 1. Let p be j(-5). Let s be p/1 - (-1 + 4). What is the greatest common factor of s and 56?
8
Let m be 4 + 0 + -4 + 2. Suppose -2*j = m*j - 40. What is the greatest common divisor of j and 2?
2
Let c(s) = 2*s + 12. Let d be c(-9). Let v(r) = r**2 + 6*r. Let m be v(d). Suppose m = -o - 3*o + 192. Calculate the greatest common divisor of o and 12.
12
Suppose -3*y + 5*y - 22 = 0. Calculate the highest common divisor of y and 88.
11
Let m(t) = -5*t**2 - t - 1. Let n be m(2). Let l = n + 48. What is the greatest common factor of l and 275?
25
Suppose 4*t - 11 = 1, 2*t + 12 = 3*a. Let x = -10 - -14. Calculate the greatest common divisor of x and a.
2
Let q(f) = f**3 - 5*f**2 + 5*f - 6. Let d be q(4). Let x = d - -8. What is the greatest common factor of 9 and x?
3
Suppose -6*w = -w - 165. Calculate the greatest common divisor of 3 and w.
3
Let w(n) = n**3 + 5*n**2 - 7*n. Let o be w(-6). Suppose -o*q + 5*q = -36. Calculate the highest common divisor of q and 9.
9
Suppose 5*l - 3*p - 1 = 0, -5*l + 1 = 3*p - 18. Let j be l/(7/(2002/4)). Calculate the greatest common factor of j and 13.
13
Let a = 196 - 97. Let t = 5 - 7. Let p = 11 + t. What is the highest common factor of a and p?
9
Let m(d) = 15*d**2 - 5*d + 4. Let c be m(2). Let r be (-1)/(2*1/(-12)). What is the highest common factor of r and c?
6
Let p = 8 + 15. What is the greatest common divisor of 23 and p?
23
Let b be 2 + (-6)/((-2)/(-1)). Let u(x) = 3*x**2 + 2*x + 1. Let m be u(b). Let w be (-40)/m*15/(-20). What is the highest common factor of w and 15?
15
Suppose -o - 1 = 3*o - 3*w, -3*o + 2*w = 0. Calculate the highest common factor of 10 and o.
2
Let k(f) = -f**2 - 8*f + 14. Let p be k(-7). Calculate the greatest common factor of 7 and p.
7
Let n = 185 - 89. Let z = 6 - -6. What is the highest common divisor of z and n?
12
Suppose 0*a + 3*a - 6 = 0, 0 = p + 2*a - 14. Suppose -5*q - o = -8 - 12, 0 = 3*o. Suppose 20 = q*z - 20. Calculate the highest common divisor of z and p.
10
Let i = 38 - -12. Let t be 3 - 7 - (4 + -33). Calculate the greatest common factor of i and t.
25
Let x(i) = i**3 + 9*i**2 + 14*i + 4. Let k be x(-7). What is the greatest common divisor of 6 and k?
2
Let h(o) = 2*o**2 - 5*o + 2. Let m be h(3). Suppose -16 = y - m*y. Suppose y*j = -x + 2, -2*x - 1 + 0 = 3*j. What is the highest common factor of j and 9?
1
Let g = -123 + 185. Calculate the highest common factor of g and 93.
31
Let u be (-3 - -3 - 3) + 69. What is the greatest common factor of u and 12?
6
Let v(j) = -13*j**3 + j + 2. Let y(h) = -7*h**3 + h + 1. Let w(u) = -3*v(u) + 5*y(u). Let d be w(1). What is the greatest common divisor of 35 and d?
5
Suppose 0*b - 2*b = -6. Suppose b*g - 310 = -2*g. What is the greatest common divisor of g and 93?
31
Let l(s) = 5*s**2 + 20 + 10*s**2 + 2*s**3 + 15*s - s**3 + 0. Let p be l(-14). Calculate the greatest common divisor of p and 12.
6
Suppose 2*u = 2*t + 2 - 12, -3*t + 4*u + 16 = 0. Calculate the greatest common divisor of t and 1.
1
Let a(q) = -3*q - 3. Let y(p) = p - 8. Let d be 1/2*(1 + 9). Let j be y(d). Let h be a(j). What is the greatest common divisor of h and 48?
6
Suppose 0 = -5*s - 10, 5*p + s - 6 = -3. Let w be (-5)/(-2) + 3/(-6). Let b be 11/33 - w/(-3). What is the highest common factor of p and b?
1
Let j = 11 - -149. Suppose -5*s = 15, 2*o + 4*s = 11 + 17. What is the greatest common divisor of o and j?
20
Let z = -226 - -238. Let w = 95 + 13. What is the highest common factor of z and w?
12
Let p be 2/((1*-2)/16). Let t = 94 - p. Suppose 0*i + 4*i = -3*d + 55, -2*i + 25 = d. Calculate the highest common divisor of i and t.
10
Suppose -3*q + h - 13 = 82, -2*q - 4*h = 68. Let i = 88 + q. What is the greatest common divisor of 8 and i?
8
Let l = 9 + -2. What is the highest common factor of 7 and l?
7
Suppose 8*x - 226 = 78. Calculate the highest common factor of x and 95.
19
Suppose 0*s + 2*l = s - 35, -2*l = 8. What is the greatest common factor of s and 36?
9
Suppose 4*c - 162 = -k + 68, -k = 2. What is the highest common factor of 638 and c?
58
Suppose 0 = 3*v + 4*j - 542, -5*j = -5*v - j + 914. Calculate the highest common factor of v and 26.
26
Let g = 141 - 61. What is the greatest common factor of g and 16?
16
Let a(v) = 16*v**3 - v. Let j be a(1). Suppose -4*i + 3 = -3*i, 0 = 3*s - i - 267. What is the highest common divisor of j and s?
15
Suppose 5*w = 2*w + 6. Calculate the highest common factor of 10 and w.
2
Suppose z - 14 + 2 = 0. What is the highest common factor of z and 18?
6
Let f(p) = 5 - 2*p - p + p. Suppose -4*z - 22 = -3*m + 4, 0 = -z + 4*m - 13. Let n be f(z). What is the greatest common divisor of n and 135?
15
Suppose -25 = -2*m + 27. What is the greatest common factor of m and 234?
26
Let a be ((-7)/3 - -1)*3. Let h be (-80)/(-14) + 4/14. Let n be (-210)/a + (-3)/h. What is the highest common factor of n and 13?
13
Suppose -2*w + 36 = -0. Suppose 2*y - 678 + 282 = 0. Calculate the highest common factor of y and w.
18
Let q be 2/(-9) + 94/18. Calculate the greatest common divisor of 5 and q.
5
Suppose -7*i + 3*i + 154 = -2*g, 5*g + 329 = -4*i. Let f = g + -97. Let w = 310 + f. Calculate the greatest common factor of 16 and w.
16
Suppose -3*k - 4*s = -612, 4*k - 835 = 4*s - 3*s. Suppose 4*g - 8 = k. Calculate the highest common divisor of 36 and g.
18
Suppose 0 = -6*j + 4*j - 5*d + 22, -4*d - 10 = -3*j. Let p(f) = f**3 - f**2 + 5*f - 1. Let k be p(j). Calculate the greatest common factor of 19 and k.
19
Let z(h) = -h**2 - 10*h - 9. Let m be z(-5). Suppose 0 = -4*k + 3*k - p + m, 5*k - 100 = 5*p. Calculate the highest common divisor of 12 and k.
6
Let y = 4 - 2. Suppose -y*x + 0 + 8 = 0. Suppose 0 = 2*g - 0*g - d - 23, -x*d - 37 = -3*g. Calculate the greatest common factor of g and 11.
11
Let m = 38 - 8. Let s = m - 9. Suppose -1120 = -4*f - 448. What is the greatest common factor of s and f?
21
Suppose -26 = s - 5. Let g = s + 85. What is the highest common divisor of 32 and g?
32
Let l(n) = -n**3 - 10*n**2 - 17*n + 16. Let v be l(-8). What is the greatest common divisor of v and 3?
3
Suppose 0*g + g - 2075 = -5*r, -4*r + g = -1669. What is the highest common factor of r and 52?
52
Let v = 15 - -2. Calculate the greatest common divisor of 34 and v.
17
Let y = 27 + -13. Let s be y/4 + (-1)/(-2). Suppose -s*n + 24 + 8 = 0. Calculate the highest common factor of n and 1.
1
Let y be (4 + 25)*(4 + -3). Calcula